73999
List the prime factors of 570619.
7, 81517
What are the prime factors of 1156893?
3, 385631
List the prime factors of 117971.
7, 19, 887
What are the prime factors of 1459093?
17, 85829
What are the prime factors of 7285913?
523, 13931
List the prime factors of 530060.
2, 5, 17, 1559
What are the prime factors of 3641519?
7, 17, 71, 431
List the prime factors of 2263694.
2, 397, 2851
What are the prime factors of 1046199?
3, 7, 11, 647
What are the prime factors of 7194329?
1459, 4931
What are the prime factors of 137290?
2, 5, 13729
List the prime factors of 108851.
17, 19, 337
List the prime factors of 144434.
2, 257, 281
List the prime factors of 316110.
2, 3, 5, 41, 257
What are the prime factors of 17454952?
2, 2181869
List the prime factors of 2154176.
2, 97, 347
List the prime factors of 378405.
3, 5, 2803
What are the prime factors of 10959439?
10959439
List the prime factors of 454182.
2, 3, 59, 1283
List the prime factors of 4338368.
2, 53, 1279
List the prime factors of 1452816.
2, 3, 19, 59
List the prime factors of 11931838.
2, 31, 223, 863
What are the prime factors of 1782577?
1782577
List the prime factors of 146576.
2, 9161
List the prime factors of 8474161.
8474161
List the prime factors of 3743748.
2, 3, 103993
List the prime factors of 301783.
23, 13121
What are the prime factors of 413188?
2, 53, 1949
What are the prime factors of 4955374?
2, 71, 34897
What are the prime factors of 418456?
2, 19, 2753
What are the prime factors of 11929513?
31, 347, 1109
List the prime factors of 25946.
2, 12973
List the prime factors of 376697.
37, 10181
What are the prime factors of 1482801?
3, 494267
What are the prime factors of 2155361?
13, 37, 4481
List the prime factors of 8195268.
2, 3, 23, 1291
List the prime factors of 130393.
83, 1571
What are the prime factors of 544258?
2, 11, 13, 173
What are the prime factors of 1100395?
5, 101, 2179
What are the prime factors of 5931401?
7, 19, 23, 277
List the prime factors of 2253112.
2, 17, 16567
What are the prime factors of 1313085?
3, 5, 87539
List the prime factors of 158494.
2, 7, 11321
List the prime factors of 1327814.
2, 663907
What are the prime factors of 76062?
2, 3, 7, 1811
What are the prime factors of 38981372?
2, 1367, 7129
List the prime factors of 829206.
2, 3, 7, 6581
List the prime factors of 2614082.
2, 101, 12941
List the prime factors of 1972928.
2, 29, 1063
What are the prime factors of 259082?
2, 281, 461
What are the prime factors of 145845?
3, 5, 7, 463
What are the prime factors of 13828415?
5, 101, 139, 197
List the prime factors of 15444459.
3, 439, 1303
List the prime factors of 1785454.
2, 11, 81157
List the prime factors of 1371239.
103, 13313
What are the prime factors of 787225?
5, 31489
List the prime factors of 1911264.
2, 3, 43, 463
List the prime factors of 26848714.
2, 431, 31147
What are the prime factors of 129951?
3, 4813
List the prime factors of 131066.
2, 13, 71
What are the prime factors of 645173?
23, 28051
List the prime factors of 262442.
2, 131221
List the prime factors of 2507222.
2, 61, 20551
What are the prime factors of 46655?
5, 7, 31, 43
What are the prime factors of 1935113?
31, 62423
What are the prime factors of 18534168?
2, 3, 47, 5477
What are the prime factors of 19074?
2, 3, 11, 17
List the prime factors of 21712119.
3, 11, 13, 43, 107
What are the prime factors of 12696019?
7, 31, 41, 1427
What are the prime factors of 378739?
378739
What are the prime factors of 1181261?
163, 7247
List the prime factors of 290143.
7, 181, 229
What are the prime factors of 129204?
2, 3, 37, 97
List the prime factors of 307691.
307691
List the prime factors of 14914.
2, 7457
List the prime factors of 293115.
3, 5, 19541
What are the prime factors of 2527082?
2, 1263541
What are the prime factors of 2967815?
5, 47, 73, 173
List the prime factors of 21561413.
29, 761, 977
List the prime factors of 3846662.
2, 73, 26347
List the prime factors of 4653940.
2, 5, 47, 4951
List the prime factors of 46068.
2, 3, 11, 349
What are the prime factors of 4771983?
3, 19, 83719
List the prime factors of 257416.
2, 23, 1399
What are the prime factors of 999045?
3, 5, 149
List the prime factors of 16585366.
2, 7, 19, 62351
What are the prime factors of 5406104?
2, 11, 23, 2671
List the prime factors of 173617.
173617
List the prime factors of 4291068.
2, 3, 353, 1013
List the prime factors of 181599.
3, 11, 5503
What are the prime factors of 127609?
127609
What are the prime factors of 121329?
3, 13, 17, 61
What are the prime factors of 19011758?
2, 157, 191, 317
What are the prime factors of 144251?
67, 2153
What are the prime factors of 8444238?
2, 3, 11, 97, 1319
List the prime factors of 3619988.
2, 904997
List the prime factors of 1662847.
181, 9187
List the prime factors of 271158.
2, 3, 43, 1051
What are the prime factors of 950393?
950393
What are the prime factors of 152183?
152183
What are the prime factors of 4879529?
137, 35617
List the prime factors of 19877738.
2, 9938869
List the prime factors of 18005750.
2, 5, 7, 10289
List the prime factors of 247330.
2, 5, 24733
List the prime factors of 1907996.
2, 43, 11093
List the prime factors of 3507036.
2, 3, 13, 22481
What are the prime factors of 8245807?
8245807
List the prime factors of 2513165.
5, 502633
What are the prime factors of 5753302?
2, 191, 15061
List the prime factors of 685464.
2, 3, 13
List the prime factors of 728595.
3, 5, 7, 257
What are the prime factors of 6484960?
2, 5, 40531
List the prime factors of 1023291.
3, 67, 1697
What are the prime factors of 975033?
3, 131, 827
What are the prime factors of 13890?
2, 3, 5, 463
List the prime factors of 6842200.
2, 5, 34211
What are the prime factors of 75545?
5, 29, 521
What are the prime factors of 2832350?
2, 5, 37, 1531
List the prime factors of 6124948.
2, 733, 2089
List the prime factors of 652585.
5, 130517
What are the prime factors of 382921?
7, 11, 4973
What are the prime factors of 139216?
2, 7, 11, 113
What are the prime factors of 126352?
2, 53, 149
List the prime factors of 38688.
2, 3, 13, 31
What are the prime factors of 1513640?
2, 5, 79, 479
What are the prime factors of 996757?
227, 4391
List the prime factors of 138383.
7, 53, 373
What are the prime factors of 20937168?
2, 3, 7, 20771
List the prime factors of 474158.
2, 79, 3001
What are the prime factors of 372780?
2, 3, 5, 19, 109
What are the prime factors of 693428?
2, 173357
List the prime factors of 657251.
7, 93893
What are the prime factors of 171339?
3, 7, 41, 199
What are the prime factors of 2533704?
2, 3, 193, 547
List the prime factors of 531636.
2, 3, 7, 6329
What are the prime factors of 7773494?
2, 23, 347, 487
List the prime factors of 5974211.
5974211
What are the prime factors of 32707779?
3, 13, 17, 49333
List the prime factors of 352050.
2, 3, 5, 2347
List the prime factors of 981861.
3, 509, 643
List the prime factors of 2522676.
2, 3, 13, 103, 157
What are the prime factors of 7397393?
7397393
List the prime factors of 1395293.
1395293
List the prime factors of 577883.
29, 19927
What are the prime factors of 996919?
7, 11, 107
List the prime factors of 226318.
2, 113159
What are the prime factors of 59093?
59093
What are the prime factors of 639310?
2, 5, 7, 9133
List the prime factors of 8817959.
8817959
What are the prime factors of 1768663?
13, 17, 53, 151
List the prime factors of 5322651.
3, 1774217
What are the prime factors of 25060260?
2, 3, 5, 417671
List the prime factors of 2547836.
2, 43, 14813
List the prime factors of 17363350.
2, 5, 239, 1453
List the prime factors of 126776.
2, 13, 23, 53
List the prime factors of 714269.
223, 3203
What are the prime factors of 2104289?
11, 191299
List the prime factors of 483871.
17, 28463
What are the prime factors of 2998647?
3, 17, 47, 139
What are the prime factors of 656366?
2, 307, 1069
List the prime factors of 6027696.
2, 3, 4651
What are the prime factors of 105696?
2, 3, 367
List the prime factors of 1134901.
37, 829
What are the prime factors of 1822097?
59, 89, 347
List the prime factors of 2033938.
2, 101, 10069
What are the prime factors of 191573?
17, 59, 191
List the prime factors of 1620558.
2, 3, 90031
What are the prime factors of 112577?
112577
What are the pri